. Suppose 2*p - 4 = 20. Calculate the greatest common divisor of p and g.
4
Suppose 2*a - 120 = -0*a. What is the greatest common factor of 150 and a?
30
Suppose -b + 8 = -4. Suppose -4*i = v - 20, 9 = 5*v - 5*i - 116. What is the greatest common divisor of b and v?
12
Let m = 32 - 29. Suppose n - 19 = -3*z, -4*n - m*z + 49 = -0*z. Calculate the greatest common factor of 5 and n.
5
Suppose -2*t = -p - 19, 3*p = 4*t - p - 28. Let i = t - 4. Suppose -5*w = -4 - 6, 0 = -3*o - 4*w + 224. What is the highest common factor of i and o?
8
Suppose -5*o - t - 3*t = -344, -5*o - 5*t + 340 = 0. Suppose -7*a = -2*a - 240. What is the highest common factor of a and o?
24
Suppose 2*f - 2*z = 14, -3*f - z + 2 - 1 = 0. Let y(d) = -d - 1. Let m be y(f). Let g be 2/m - 246/(-18). Calculate the greatest common factor of 26 and g.
13
Suppose 2*v + 127 = -3*v + 3*j, -j = -4. Let i = 34 + v. Calculate the greatest common factor of 11 and i.
11
Let r be (-2*6)/((-6)/28). Suppose 0*t - 2*t = 4*u - 26, -3*u + 39 = -5*t. Calculate the highest common factor of r and u.
8
Let w be (-880)/(-25) + (2 - (-11)/(-5)). What is the greatest common factor of 10 and w?
5
Suppose 2*d + 8 + 13 = m, 2*m - 3*d = 37. Let y be (278/(-8))/(2/(-8)). Suppose -i - 51 = -y. What is the highest common divisor of m and i?
11
Suppose 10 = 4*d + d. Suppose -20*r - 48 = -36*r. Calculate the greatest common factor of d and r.
1
Let w = 67 + -59. What is the highest common divisor of w and 88?
8
Let w = -2 - 1. Let r = 0 - w. Suppose -4*m - 4*x + 95 + 93 = 0, m = r*x + 59. Calculate the highest common factor of 10 and m.
10
Suppose o = 2*o - 3. Let r(n) = -n**3 + 9*n**2 - 3. Let t be r(9). Let u = t + 5. What is the greatest common factor of o and u?
1
Suppose 0 = -3*n + 2 + 13. Let h be 69/(-2)*2/(-3). Let o = 78 - h. What is the highest common divisor of o and n?
5
Let m = -18 + 20. What is the greatest common factor of 1 and m?
1
Let t(f) = 4*f**2 + 3*f - 3. Let q be t(2). Let v = q + 29. Let g be (-15)/2*(-32)/20. Calculate the greatest common divisor of g and v.
12
Suppose -5*t + 2*t - 5*y = -868, 2 = y. Calculate the greatest common divisor of 26 and t.
26
Let o = 185 - 157. Calculate the highest common factor of 42 and o.
14
Suppose 0 = 2*u - 4 - 4. Suppose 48 = -0*x + u*x. Let v(z) = z**2 - z. Let j be v(6). What is the highest common factor of j and x?
6
Let i(o) = -o**3 + 8*o**2 + 7*o - 2. Let c be i(9). Let g = -7 - c. Calculate the highest common divisor of g and 78.
13
Suppose -36 = 2*c + 4. Let h be (-32)/c*(0 - -10). What is the greatest common factor of 24 and h?
8
Let g be (16/(-10))/(1/(-50)). Suppose -3*s = 7*w - 2*w - 315, g = w + 4*s. Let x be (-2)/7 - (-107)/7. Calculate the highest common factor of x and w.
15
Let n(x) = 2*x**3 - 2*x**2 - 2. Let s be n(2). Suppose m + 4*a = s - 17, 4*a = 4*m - 56. What is the greatest common divisor of m and 3?
3
Let b(o) = -27*o**2 + 2*o - 1. Let p be b(1). Let x be -1*(-1)/(-2)*p. Calculate the highest common divisor of x and 39.
13
Let j(m) be the first derivative of m**4/4 - 2*m**3/3 + 3*m**2/2 - 9*m - 1. Let k be j(6). Calculate the highest common divisor of 17 and k.
17
Suppose 8 = 4*j - 4. What is the greatest common divisor of 1 and j?
1
Let f = 26 + -1. Calculate the greatest common factor of f and 5.
5
Let i(h) = h + 18. Let z be i(-10). Let o be 75/(-6)*z/(-5). Calculate the highest common factor of 4 and o.
4
Suppose -2 + 0 = -w. Let s be ((-8)/12)/(w/(-30)). What is the greatest common factor of s and 40?
10
Suppose 3*d + 184 - 1141 = 0. Suppose -8 = 4*f, 5*n + 2*f - d = -f. Calculate the greatest common divisor of 26 and n.
13
Suppose -4*g = -4*u + 32 + 60, 5*g + 25 = 0. Calculate the greatest common factor of 9 and u.
9
Suppose 42 = 3*r - 0*r. Calculate the highest common divisor of 35 and r.
7
Suppose -3 - 30 = -3*t - 3*k, 3*t = 3*k + 27. What is the greatest common divisor of 80 and t?
10
Let b = -37 + 54. Let h = 101 - -61. Let k = -111 + h. What is the highest common divisor of b and k?
17
Let a = 6 + -8. Let v(i) = -i**2 - 2*i + 2. Let o be v(a). Suppose h + 8 = o*h. Calculate the greatest common factor of h and 1.
1
Suppose -o - o = 12. Let v(j) = j**3 + 8*j**2 + 4*j - 4. Let p be v(o). What is the greatest common factor of 4 and p?
4
Suppose 3*b - 24 = -5*c, 27 = 5*b + 5*c - c. Let k be 2/(b/(-6)*1). Let g be (2/k)/((-1)/66). Calculate the highest common divisor of g and 11.
11
Suppose -12*s = -11*s - 77. Let a be -3 + 5 - 18/(-2). What is the highest common divisor of s and a?
11
Let q be (-654)/(-27) + (-2)/9. What is the greatest common divisor of q and 3?
3
Let z(p) = -p**3 + 4*p**2 - 2*p - 3. Let i be z(3). Let l = -10 + i. Let w = l + 17. Calculate the greatest common factor of 56 and w.
7
Let u be 2/(-2)*1 - -11. What is the highest common divisor of 2 and u?
2
Let p = -124 - -136. Calculate the greatest common divisor of 16 and p.
4
Let f(a) = -a**3 + 2*a**2 + 4*a + 2. Let k be f(-2). Let y = 4 - -6. Calculate the highest common divisor of k and y.
10
Suppose -6*g - 15 = -3*g, -4*g = 2*v - 26. Calculate the greatest common divisor of 23 and v.
23
Let v be 3/(-8) - (-3549)/56. Calculate the greatest common divisor of v and 42.
21
Suppose -3*f + 3 = -6. Suppose -6*v + f*v + 12 = 0. Suppose 2*w - 10 = -3*w. What is the highest common factor of v and w?
2
Let d = 5 + -1. Suppose 3*u + y + 3*y = 5, 5*y + 5 = 0. Suppose -5*j + 7 = 2*i - 7, -u*i = 3*j - 3. Calculate the highest common divisor of d and j.
4
Let h(b) = -8*b + 8. Let x be h(-5). What is the highest common divisor of 64 and x?
16
Let u(s) = -14*s - 1. Let r be u(-2). Suppose 4*d + 20 = 0, -h + 5*d - 3*d + 13 = 0. What is the highest common divisor of h and r?
3
Let w(i) = i + 45. Let z be w(0). Let v be (-352)/(-20) - (-2)/5. What is the highest common factor of z and v?
9
Let z be ((-6)/4)/((-6)/(-24)). Let u = z + 11. Suppose 0 = -3*g + 8*g - 25. Calculate the highest common factor of g and u.
5
Let y = -2 - -5. Suppose -u - y = -6. Suppose u*d - 3*p - 18 = 2*d, 22 = d - p. What is the highest common factor of d and 6?
6
Suppose 5*j - 87 - 43 = 0. Calculate the greatest common factor of j and 26.
26
Let h(l) = l**3 + 19*l**2 - 2*l + 14. Let z be h(-19). Calculate the highest common divisor of 130 and z.
26
Let u = -87 + 147. Suppose 2*w = -k + 48, -2*k - k - 48 = -2*w. Calculate the greatest common factor of w and u.
12
Let z be 2/4 + 21/6. Let f(c) = 39*c + 2. Let j be f(2). Suppose 3*i + n = 125, 3*i - 60 = -z*n + j. Calculate the highest common factor of i and 10.
10
Let n(m) = -3*m - 3. Let j be n(-6). Suppose 4*v - 133 = -13. What is the highest common factor of j and v?
15
Let a(y) = 7*y**3 - y. Let j be a(1). Suppose -5*m = -0*m - 25. Suppose 230 = h + 4*h + m*i, -4*i - 200 = -4*h. What is the greatest common factor of h and j?
6
Suppose -90 = -3*z + 15. What is the greatest common factor of z and 7?
7
Let c(g) = -g**3 + 8*g**2 - 9*g + 10. Let b be c(7). Let x be -20*(0 - (-14)/b). Let k = -4 - -14. What is the greatest common factor of k and x?
10
Suppose 2*c + r - 127 = 0, 4*c - 403 + 114 = 5*r. Suppose i + 0*i - c = 0. Calculate the highest common factor of i and 6.
6
Let h(b) = -7*b**2 + 6*b - 6. Let a be h(4). Let o = 135 + a. Let j = o - -31. Calculate the highest common divisor of j and 8.
8
Suppose 0 = 39*g - 40*g + 5. What is the highest common divisor of g and 65?
5
Let w = -11 + 31. Suppose 15 = 3*i, 0*i = -b + 2*i - 5. Let l be (1 - 3 - -12)*b. Calculate the greatest common factor of w and l.
10
Let b = -1 - -6. Suppose 0 = 4*w + w - b*n - 360, -3*n - 6 = 0. What is the highest common divisor of w and 10?
10
Let y = -165 - -175. What is the greatest common factor of 90 and y?
10
Suppose 3*v - 4*v + 4 = 0. Suppose 5*f - 5*g = -2*g + 17, 4*g + 15 = -f. What is the highest common factor of v and f?
1
Let c = 66 - 53. Calculate the greatest common divisor of c and 26.
13
Suppose d = -2*c + 4, 2*d + d - 27 = -c. Suppose -3*u - 28 = -103. Calculate the greatest common factor of u and d.
5
Let h be (-1)/((9/(-165))/3). Let q be (-904)/11 - (-10)/h. Let d = -55 - q. What is the highest common factor of d and 9?
9
Let p = 55 + -28. What is the greatest common divisor of p and 3?
3
Let m(w) = -w**3 + 5*w**2 + 7*w + 10. Let n be m(6). Calcula